at is the remainder when 9267 is divided by 5?
2
Calculate the remainder when 543 is divided by 134.
7
Calculate the remainder when 2445 is divided by 41.
26
Calculate the remainder when 151 is divided by 3.
1
Calculate the remainder when 360 is divided by 15.
0
What is the remainder when 166 is divided by 86?
80
Calculate the remainder when 190 is divided by 18.
10
What is the remainder when 792 is divided by 358?
76
Calculate the remainder when 2107 is divided by 2.
1
What is the remainder when 1086 is divided by 149?
43
Calculate the remainder when 504 is divided by 39.
36
What is the remainder when 6187 is divided by 8?
3
Calculate the remainder when 205 is divided by 108.
97
What is the remainder when 280 is divided by 94?
92
Calculate the remainder when 1187 is divided by 14.
11
What is the remainder when 191 is divided by 48?
47
What is the remainder when 35 is divided by 29?
6
What is the remainder when 413 is divided by 71?
58
Calculate the remainder when 184 is divided by 21.
16
What is the remainder when 16498 is divided by 50?
48
What is the remainder when 5581 is divided by 1858?
7
Calculate the remainder when 1525 is divided by 81.
67
Calculate the remainder when 935 is divided by 78.
77
Calculate the remainder when 187 is divided by 140.
47
Calculate the remainder when 1004 is divided by 42.
38
Calculate the remainder when 363 is divided by 136.
91
What is the remainder when 1195 is divided by 23?
22
Calculate the remainder when 69 is divided by 3.
0
Calculate the remainder when 29 is divided by 10.
9
Calculate the remainder when 372 is divided by 25.
22
Calculate the remainder when 114 is divided by 34.
12
What is the remainder when 430 is divided by 36?
34
Calculate the remainder when 530 is divided by 72.
26
What is the remainder when 452 is divided by 17?
10
What is the remainder when 2209 is divided by 440?
9
What is the remainder when 122 is divided by 32?
26
Calculate the remainder when 68 is divided by 36.
32
What is the remainder when 357 is divided by 172?
13
Calculate the remainder when 347 is divided by 29.
28
What is the remainder when 397 is divided by 20?
17
Calculate the remainder when 275 is divided by 31.
27
What is the remainder when 530 is divided by 70?
40
What is the remainder when 1834 is divided by 11?
8
What is the remainder when 1292 is divided by 26?
18
What is the remainder when 117 is divided by 15?
12
What is the remainder when 225 is divided by 38?
35
What is the remainder when 339 is divided by 17?
16
Calculate the remainder when 119 is divided by 42.
35
Calculate the remainder when 120 is divided by 11.
10
Calculate the remainder when 283 is divided by 156.
127
What is the remainder when 16077 is divided by 10?
7
What is the remainder when 149 is divided by 51?
47
What is the remainder when 343 is divided by 87?
82
Calculate the remainder when 368 is divided by 170.
28
Calculate the remainder when 764 is divided by 108.
8
Calculate the remainder when 6111 is divided by 20.
11
Calculate the remainder when 61 is divided by 17.
10
Calculate the remainder when 148 is divided by 106.
42
Calculate the remainder when 47 is divided by 18.
11
What is the remainder when 56 is divided by 44?
12
Calculate the remainder when 957 is divided by 123.
96
What is the remainder when 226 is divided by 57?
55
Calculate the remainder when 385 is divided by 6.
1
Calculate the remainder when 1432 is divided by 473.
13
What is the remainder when 107 is divided by 55?
52
Calculate the remainder when 68 is divided by 41.
27
What is the remainder when 13351 is divided by 36?
31
Calculate the remainder when 191 is divided by 24.
23
What is the remainder when 581 is divided by 65?
61
What is the remainder when 2442 is divided by 16?
10
Calculate the remainder when 281 is divided by 121.
39
What is the remainder when 150 is divided by 144?
6
What is the remainder when 12698 is divided by 146?
142
Calculate the remainder when 164 is divided by 84.
80
Calculate the remainder when 940 is divided by 117.
4
What is the remainder when 1363 is divided by 3?
1
Calculate the remainder when 306 is divided by 52.
46
Calculate the remainder when 204 is divided by 55.
39
What is the remainder when 5677 is divided by 167?
166
Calculate the remainder when 189 is divided by 18.
9
Calculate the remainder when 334 is divided by 20.
14
Calculate the remainder when 1117 is divided by 70.
67
What is the remainder when 73 is divided by 15?
13
What is the remainder when 3393 is divided by 97?
95
Calculate the remainder when 191 is divided by 48.
47
What is the remainder when 2697 is divided by 2680?
17
What is the remainder when 1082 is divided by 1059?
23
Calculate the remainder when 527 is divided by 11.
10
Calculate the remainder when 1516 is divided by 489.
49
What is the remainder when 11 is divided by 1?
0
Calculate the remainder when 156 is divided by 7.
2
Calculate the remainder when 3231 is divided by 1610.
11
Calculate the remainder when 347 is divided by 12.
11
What is the remainder when 1745 is divided by 92?
89
Calculate the remainder when 281 is divided by 56.
1
What is the remainder when 7 is divided by 5?
2
Calculate the remainder when 751 is divided by 148.
11
Calculate the remainder when 1307 is divided by 11.
9
What is the remainder when 297 is divided by 19?
12
What is the remainder when 136 is divided by 70?
66
What is the remainder when 219 is divided by 13?
11
Calculate the remainder when 1048 is divided by 21.
19
Calculate the remainder when 76 is divided by 5.
1
What is the remainder when 365 is divided by 62?
55
Calculate the remainder when 16949 is divided by 50.
49
Calculate the remainder when 576 is divided by 3.
0
Calculate the remainder when 330 is divided by 201.
129
What is the remainder when 1834 is divided by 9?
7
What is the remainder when 752 is divided by 89?
40
Calculate the remainder when 717 is divided by 13.
2
What is the remainder when 90 is divided by 21?
6
Calculate the remainder when 468 is divided by 269.
199
Calculate the remainder when 23 is divided by 4.
3
What is the remainder when 95 is divided by 64?
31
Calculate the remainder when 14688 is divided by 59.
56
What is the remainder when 149 is divided by 77?
72
Calculate the remainder when 126 is divided by 67.
59
What is the remainder when 6475 is divided by 41?
38
What is the remainder when 1219 is divided by 191?
73
What is the remainder when 374 is divided by 86?
30
What is the remainder when 1988 is divided by 83?
79
Calculate the remainder when 114 is divided by 25.
14
Calculate the remainder when 133 is divided by 36.
25
What is the remainder when 288 is divided by 97?
94
What is the remainder when 51 is divided by 4?
3
What is the remainder when 1560 is divided by 511?
27
What is the remainder when 3054 is divided by 17?
11
Calculate the remainder when 2379 is divided by 14.
13
Calculate the remainder when 204 is divided by 55.
39
Calculate the remainder when 2050 is divided by 19.
17
What is the remainder when 146 is divided by 131?
15
Calculate the remainder when 36 is divided by 30.
6
Calculate the remainder when 39 is divided by 9.
3
Calculate the remainder when 3323 is divided by 76.
55
What is the remainder when 924 is divided by 297?
33
What is the remainder when 197 is divided by 2?
1
Calculate the remainder when 183 is divided by 8.
7
What is the remainder when 74 is divided by 40?
34
What is the remainder when 1151 is divided by 55?
51
What is the remainder when 153 is divided by 140?
13
Calculate the remainder when 757 is divided by 109.
103
What is the remainder when 2633 is divided by 220?
213
What is the remainder when 254 is divided by 106?
42
Calculate the remainder when 133 is divided by 118.
15
Calculate the remainder when 101 is divided by 28.
17
What is the remainder when 63 is divided by 13?
11
Calculate the remainder when 503 is divided by 184.
135
Calculate the remainder when 1022 is divided by 16.
14
Calculate the remainder when 400 is divided by 81.
76
What is the remainder when 580 is divided by 102?
70
What is the remainder when 3519 is divided by 64?
63
Calculate the remainder when 51 is divided by 38.
13
What is the remainder when 14201 is divided by 18?
17
Calculate the remainder when 609 is divided by 35.
